-77 + (4 - (-1 + 0))?
17
What is the value of (-1 - (-72 - (-7 - (-6 - -6)))) + 2?
66
-10 + (-2 - 1 - 5 - (21 + -22) - -61)
44
What is (-16 - (-24 + 8)) + (-39 + 2 - 5 - -8)?
-34
What is the value of 5 - (19 - (-18 - -16)) - -1?
-15
What is the value of 12 + -55 + (0 - -16 - (-57 - -62))?
-32
10 + (4 - 4) + -31 + -1 + 11
-11
Calculate -39 - -16 - (-43 + -1 - -18).
3
What is the value of -13 - -2 - (9 - (13 - (12 + -2)))?
-17
What is -117 + 5 + (-38 - -50) + -7?
-107
What is the value of 94 + -165 + 60 + -2?
-13
Calculate (-12 + -8 - -32 - -12 - 5) + -4.
15
Evaluate -9 + 0 + (9 - ((15 - 32) + 14)) - -110.
113
What is the value of 4 + 1 - (-29 - ((29 - 45) + 41))?
59
Evaluate -68 + (208 + -176 - (-2 - -40)).
-74
18 - 29 - (-40 - -31 - (1 + 0 + -8))
-9
(15 + 17 - 93) + 2
-59
What is the value of (-2 - 14) + (1589 - 1648)?
-75
What is the value of -1 - (0 - 52) - (-57005 + 57044)?
12
What is (83 - (11 - -80)) + 20 + -1?
11
What is (16937 - 16929) + 107 + -1?
114
(81 - 46) + (18 - 14)
39
What is the value of -28 + (-58 - (44 - 18))?
-112
Evaluate -11 - (14 + -1 + 6 + -3) - -9.
-18
What is -82 + 18 + 9 + 53?
-2
What is -20 + 51 + -29 - (-6 + 2 - -30)?
-24
What is the value of 1 + 0 + -1 + -40 + (-14517 - -14515)?
-42
Evaluate (-28 - -23 - -35) + (-5 - 0) + 8.
33
What is -48 + 5 - (105 + -112)?
-36
Calculate -21 - -1 - (-337 + 160 + 201).
-44
What is the value of -1 + 1 + 1 - -7 - (-4277 - -4247)?
38
Evaluate 1067 + -1067 + (1 + 8 - 2) + -43.
-36
What is the value of 37 - ((1 - -7) + 7 + -6 + 8 + -15)?
35
What is the value of (-6 + 33 + 39 - (2 + 1)) + -15?
48
What is 268 + -256 - (-3 - ((5 - 3 - -37) + -4))?
50
What is the value of 117 - -13 - (149 - 80)?
61
What is (61 - -14) + (118 - 167)?
26
(-1 - 2) + (-23 - (-69 + -31))
74
Evaluate 23 + (-344 - -362 - (28 - 1)).
14
Evaluate (-2 - (9 - -3) - (-443 - -429)) + (9 - -5).
14
Evaluate -13 + 22 - (15 - (59 + -21)).
32
What is the value of (-15964 - -15960) + 1 + -37?
-40
What is the value of (4 - (-24 + 4 + 17)) + -71 + 4?
-60
What is the value of -3 + 7 + 2320 + -2398?
-74
13 + 6 + -19 + (-3 - (-23 + 8))
12
-4 + 20 + (15 - (81 + -44))
-6
Calculate 3 + -1 + (0 - -1) - (-7818 + 7862).
-41
Calculate 5 + -4 + -9 + 4 - (-4 - -99 - -1).
-100
What is the value of 35 - (75 - 1) - -55?
16
Calculate 116 - (78 - -49) - (3 + -36).
22
Calculate (-26 - -31) + -19 - (5 - 20).
1
Calculate 3 + 73 + (141 - (-5 - -130)).
92
(-102 - 1) + (-2 - (-5 + 18 + -16 + -9))
-93
(-24 + 17 - 7) + 18 + (0 - (-2 + -37))
43
Calculate 82 + -8 + (6 - 48 - -31).
63
Evaluate -52 + 42 - (3 + (-7 - 0)) - 0 - -10.
4
What is 67 + (-18 - 14) - (2 + (-7 - -3) + 1)?
36
Calculate (-16 - -6 - (7 + -12)) + -31 + 20 + -27.
-43
-4 + (-3 - (-4 - 0) - (17 + -15)) + -5
-10
Calculate -60 - -60 - -54 - 36.
18
What is the value of (-769 + 788 - (113 + 1)) + 8 + -18?
-105
(11 - 19) + 2 + 3 + -18
-21
What is the value of -20 - -152 - 153 - (-42 - 3)?
24
What is the value of 65 - (292 + -69 - 91)?
-67
Calculate -64 - (-3 + -33 + -46).
18
What is -7 - ((-5 - -30) + -31)?
-1
Evaluate -14 - (17 - 3 - (-11 + 5)).
-34
Calculate 529 + -527 + (-5 - 0) + 40.
37
(-2 - (-3 - -3) - 13) + (71 - (104 + -38))
-10
-2 + 32 - (-4 + -7)
41
What is the value of 2 + 7 + -18 + (-2 - (-1 - (-50 + 0)))?
-60
What is the value of 64 - (-26 + (2 - -22) - -18)?
48
What is the value of 98 - ((-2 - (14 - 12)) + -39)?
141
Evaluate 1 + 64 - (-41 + (42 - -4 - 3)).
63
Evaluate 88 - (108 + 38 - 94).
36
Calculate (8 - -29) + -8 - 54.
-25
What is the value of (-19 + 4 - ((-10 - -34) + -26)) + (7 - 0)?
-6
60 - -14 - (95 + -43)
22
What is the value of -19 + 8 + (-7 + -7 + 6 - 16)?
-35
What is the value of -130 + (-8 - -90) - -90?
42
What is the value of -50 + (139 - 55) - -59?
93
(4 - -6) + (-5 - (0 + 4) - (-9 - 29))
39
(162 + -98 - (58 + 0)) + (-1 - -1) + -62
-56
What is the value of -14 + (14 + -4 - (-9 + (10 - (-7 - 1))))?
-13
Calculate (5 - (27 + 1)) + -215 + 227.
-11
What is the value of -7 + -4 - -14 - (5 + -46)?
44
What is (80 + -88 - (0 - 8) - -12 - 11) + 28?
29
What is (79 - (-25 - -19)) + -56?
29
What is the value of 1 + 2 - (-25 - (15 - 11 - -1))?
33
What is the value of -4 - (-88 - (7 - (-4 - -1)) - (-45 + 34))?
83
What is the value of (183 + -75 - 207) + (-3 - 28)?
-130
What is the value of -110 + (89 - 22) + 3 + -6 + 3?
-43
(-127 - (29 + -142)) + (-2 - 2 - -7)
-11
Evaluate -4 - 1 - -66 - (-16 - (-8 - 12)).
57
What is the value of (204 + -181 - (16 - (3 - (-5 + 3)))) + -103?
-91
What is 10 + -4 + 11 - 97 - -26?
-54
What is the value of 33 + 20 + -50 - -64?
67
What is -1 + 7 + (21 - (4 + 24)) + 45?
44
-75 - (-170 - -5 - -102)
-12
Calculate 1 + (-26 - 26 - -135).
84
(41 - (37 - (-2 - -58))) + -38
22
Calculate (87 - 83) + 31 + (12 - 29).
18
Calculate -17 + (8 - -17) - (-17 - -10 - -11).
4
Calculate -15 + 5 - (2 + -5) - 0 - 8 - -142.
127
What is the value of -40 + 79 + -85 + -28?
-74
What is the value of 266 + -96 + -36 - 91?
43
What is 39 + (82 - (62 - -20))?
39
Calculate -50 + -62 + 54 - -58.
0
(-24 - (5 - (32 + -21))) + 12 - (57 + 0)
-63
Evaluate -21 - (-25 + 38 - (-3 + 3)).
-34
What is (-3 + -1 - (-45 - -35)) + 1539 + -1529?
16
Calculate 33 + -15 + -4 + 10 + 15.
39
Evaluate (-42 - 4) + 41 + 2 + -1 - 28.
-32
Evaluate -22 - (20 + 17 + -30 + 15).
-44
Evaluate -1 - (-9 - (-10 + 6)) - (6 + -4).
2
What is the value of 6 + -13 + 0 + (35 - (36 + -45 - -29))?
8
-31 + 11 + 3 + 48 + 8
39
Calculate (11 + 97 - (6 - -13)) + (-25 - -17).
81
What is the value of 37 - (-11 + 0 + 27) - 48?
-27
What is the value of 16128 + -15986 - (111 + -1)?
32
What is 0 + 82 - 4 - (-14 + 47 + -19)?
64
What is the value of 88 + (2 + -15 + (2 - -35) + -12 - 20)?
80
Calculate 22 - (68 - 66) - (-24 - -4).
40
Calculate -22 - 142 - (23 - 0 - (6 + 39)).
-142
What is the value of -1738 - -1764 - (-38 - -2)?
62
Evaluate 449 + -461 - ((-3 - -7) + -2 + -58).
44
Evaluate -7 + 0 + 14 + 17 + -8 + -113.
-97
What is -28 + 8 + -9 + (13 - -31)?
15
What is -7 + -13 + 9 + 12 + -33 - -11?
-21
What is 13 + -13 + (9 - (-7 - -8))?
8
What is the value of 19 + (4 - 14 - (133 + (5 - 8)))?
-121
What is the value of -17 - 0 - (-8 + -3 - 55)?
49
Calculate -77 - (-100 - 51 - -51).
23
Evaluate 54 + (-4 - (-21 - -4)) + -1 + 719 + -722.
63
5 - 87 - ((8 - (-39 - -28)) + -23)
-78
57 - (15 + 6) - 18 - 50
-32
(9 - -4) + (7 - 34) - (-31 + -6)
23
What is the value of 47 - (-90 + 130) - (-2 + 2 + 33)?
-26
Evaluate 0 + 2 + -1 + 2 + 3 + -15 + 21.
12
-188 + 153 - ((1 - (-1 - -4)) + -8)
-25
What is the value of (37 + (-25 - -3) - -11) + 80?
106
56 + (6 - (26 + -1 + -17))
54
What is the value of 10 - 9 - ((1 - -8) + -17 + (0 - -11))?
-2
What is the value of (-5 + -1 - (41 + -60)) + -32?
-19
Calculate (2 - (4 + (6 - 5))) + 23 - (15 - 11).
16
What is the value of (93 - (0 - 1)) + (11 - 30 - -37 - 9)?
103
What is (3 - 1) + -2 + 2 + -8 - (-100 + 40)?
54
What is -16 - (21 + 77) - -70?
-44
What is the value of -119 - (-34 + (-16 - 12))?
-57
Calculate (59 - 113) + 60 + (-2 - 3).
1
100 + -35 - (((4 - -4) + -14 - -1) + 7)
63
Calculate -2916 - -2926 - (-18 + -2).
30
Evaluate (-26 - -11) + -134 + 160.
11
What is -20 + (-4 + (11 - -3) - 25 - -5)?
-30
What is the value of -72 + -7 + (-50 - -138)?
9
Calculate (-34 - (4 + -33)) + -2 + 12 + -9.
-4
Calculate (-12 - (8 + 2)) + 8 + (13 - -15) + 85.
99
What is 13 - (-7 + 7 + 9 - -4)?
0
Evaluate -15 + ((41 - -1) + -6 - 16) - 55.
-50
Calculate -70 + 31 - (-66 - -1).
26
What is the value of (1 - (-1 - -2)) + 79 + (21 - -11 - 61)?
50
Evaluate -7 + (-26 + 37 - (-15 - -8 - 29 - -2)).
38
Calculate -19 - (-15 - 14) - (-4 + (-10 - -4) - -3).
17
Evaluate -4 - 8 - (-7 + 11 - (1 - 36)).
-51
Evaluate -22 + (-227 - -165) - -60.
-24
What is -12 + 33 + 90 + -73?
38
15 - ((153 - 87) + -20)
-31
What is (37 - 20) + -1 + -5 + (11 - 13)?
9
Evaluate 1 + 0 - (-2 + 9) - (-19578 - -19558).
14
Calculate -64 + ((4 - 13) + -4 - -9) + 9.
-59
-48 + (-10 - -46) - (0 + -51)
39
What is the value of (-101 - -2) + 5885 + -5776?
10
What is the value of 1 + 99 + (-30935 - -30890)?
55
What is the value of -2 + (2 - 57) + 1653 + -1627?
-31
-182 + 156 + 37 + -151
-140
What is the value of (163 - 146) + (0 - 27) - 35?
-45
Calculate -21 + (-11 - -25) - (48 + 47).
-102
74 - -18 - ((-46 - -35) + 46)
57
Calculate -99 - (63 + 58 + -165).
-55
What is 94 + -125 - -47 - (-